+ v) - -10?
10
Let r = 9 + -6. Let z(v) = -v**3 + 2*v**2 + 5*v - 2. Let l = 7 + 4. Calculate the remainder when l is divided by z(r).
3
Suppose -4*k = 3*v + 45, 0*k - 2*v - 22 = 2*k. Let s be ((-6)/k)/(2/8). Suppose s*c = 6*c - 48. What is the remainder when 34 is divided by c?
10
Let o(i) = -i - 7. Calculate the remainder when 9 is divided by o(-10).
0
Let c(b) = 2*b**3 - 4*b**2 + 3*b. Let w be c(2). Let l = 8 - w. Suppose -h + 78 - 30 = l*g, g + 4*h - 38 = 0. Calculate the remainder when 42 is divided by g.
20
Suppose 0 = 4*o - 6*o - 22. Let a = 31 + -18. What is the remainder when a is divided by (5/3)/(o/(-33))?
3
Suppose -4*y = -3*y. Suppose 0 = -y*v + v - 4. Suppose -v*a + 12 = 0, -2*a + 50 = -3*t + 7*t. Calculate the remainder when 31 is divided by t.
9
Let h(f) = -f**3 + 2*f - 1. Let t be h(-2). Suppose 27 = 15*x - 123. Calculate the remainder when x is divided by 2/t + (-20)/(-6).
2
Let l(n) = n**3 - n**2 - 3*n + 2. Let k = -6 - -8. Let c be l(k). Suppose 3*p + r - 21 - 9 = c, -2*r = 2*p - 24. What is the remainder when 25 is divided by p?
7
Suppose 2*r = f + 1, -30 = 4*f + r + 4*r. Let a = f - -4. Calculate the remainder when 2/((-2)/(-37)) + a is divided by 19.
17
Let a = 52 + -28. What is the remainder when 94 is divided by a?
22
Let y = -16 + 19. What is the remainder when 4 is divided by y?
1
Let l be (-438)/(-6 - -3) - -3. Suppose -5*y + l = 4*g - 113, -y = 3*g - 48. What is the remainder when y is divided by 14?
12
Suppose 28 = 2*n - 8. What is the remainder when 35 is divided by n?
17
Suppose 2*k + 10 = 3*k. Let d be ((-4)/(-6))/(4/18). Suppose 3*h = d, -3*y + 112 = -h - h. Calculate the remainder when y is divided by k.
8
Let i = 3 + 10. What is the remainder when 35 is divided by i?
9
Let m = 2 + -12. Let v(b) = b**3 + 10*b**2 - 4*b - 11. Calculate the remainder when v(m) is divided by 10.
9
Suppose -3*t - 27 = -3*c, -6*c + c - 4*t + 63 = 0. What is the remainder when c is divided by ((-20)/(-50))/((-2)/(-30))?
5
Let p(h) = -h**2 + h + 20. Let o be (2 - (2 + 0))*1. Let c be p(o). Calculate the remainder when 29 is divided by (2/4)/(1/c).
9
Suppose -5*m - 2*j = -183, -4*m + j = -51 - 98. Calculate the remainder when m is divided by 13.
11
What is the remainder when 27 is divided by (3/((-12)/(-56)))/1?
13
Let y = -4 + 5. Let i(z) = 5*z**3 - 2*z**2 + 1. What is the remainder when 11 is divided by i(y)?
3
Let a(f) = -9*f**3 + 21*f**2 - 21*f + 21. Let k(v) = 2*v**3 - 5*v**2 + 5*v - 5. Let s(p) = 5*a(p) + 21*k(p). What is the remainder when 71 is divided by s(-2)?
23
Suppose 3*r + 0*r = 6. Calculate the remainder when (21/(-15))/((-2)/10) is divided by r.
1
Suppose t + 0*t = 5*p + 34, -5*p + 11 = 4*t. Calculate the remainder when 11 is divided by t.
2
Suppose -i + 6*b + 16 = 4*b, 31 = 4*i + 3*b. Suppose 0 = 5*y - y - 112. Calculate the remainder when y is divided by i.
8
Let z be ((-4)/3)/(4/(-6)). Suppose 0 = 5*t - z*h - 116, -3*t - 4*h = -56 + 2. Suppose -5*m = -3*m - t. What is the remainder when 43 is divided by m?
10
Let r = -23 - -59. Suppose -3*f = f + r. Calculate the remainder when 2 is divided by 6/f + (-5)/(-3).
0
Let v be 3/6 - 2/4. Suppose v = -3*h - h. Suppose 5*m - 2*t - 206 + 64 = h, -4*m + 5*t + 100 = 0. Calculate the remainder when m is divided by 16.
14
Let f(v) = -26*v**3 - v**2 - v + 4. Let u be f(3). Suppose 3*a + 0*a = -3, -5*a - 50 = -3*q. Calculate the remainder when u/(-25) + (-4)/10 is divided by q.
13
Suppose 14 = -2*g - 2*n, -n + 25 = 4*n. Calculate the remainder when 20 is divided by ((-9)/3)/3 - g.
9
Suppose 2*z + 3*c - 8 = 5, 5*z - 3*c = 1. Suppose z*k - 7 + 1 = 0. Calculate the remainder when 18 is divided by k.
0
Calculate the remainder when 123/6 - (-3)/(-2) is divided by 10.
9
Let c = -164 + 182. What is the remainder when 214 is divided by c?
16
Suppose -s - u + 5 = -2, 2*s + 4 = 4*u. Suppose s*y = -4*o + 64 + 24, 4*y = -4. What is the remainder when 68 is divided by o?
22
What is the remainder when 552/30 - (-3)/5 is divided by 11?
8
Let g(q) = q - 15. Let s be g(7). Calculate the remainder when s/(-20) - 43/(-5) is divided by 6.
3
Suppose 4 = -u + 40. Let k = -17 + u. What is the remainder when 54 is divided by k?
16
Suppose -4*c - 20 = -2*c + 5*q, q = -4*c - 4. What is the remainder when 10 is divided by -2 + (8 - 2) + c?
2
What is the remainder when 3/(-5) + (-690)/(-25) is divided by 15?
12
Calculate the remainder when 6 is divided by (-21)/(-9) + 1/(-3).
0
Suppose 7 = -3*p + 19. Let g = -17 - -28. Let i = g - 8. What is the remainder when p is divided by i?
1
Let i = 3 - 6. Calculate the remainder when 13 is divided by -6*(-15)/9 + i.
6
Suppose -g = -2*i, i + 14 = -2*i - 2*g. Let f(n) be the third derivative of n**4/24 + n**3/2 - n**2. Calculate the remainder when f(i) is divided by 1.
0
Let x be (-1 - 3)/(-4 + 3). Suppose -6*i + x = -4*i. Calculate the remainder when 5 is divided by i.
1
Let k = -1 - -25. What is the remainder when -1 + 3 + k - 2 is divided by 0/(-1) - -1 - -12?
11
Suppose 0 = -2*i - 5*h + 15, -12 = 2*i - 4*h - 54. What is the remainder when i is divided by 2?
1
Let c(o) = 2*o**2 - 5*o - 3. Let l = -1 + 5. Calculate the remainder when 16 is divided by c(l).
7
Let f(w) = 2*w**2 - 5*w + 8. Let i = 5 + 12. What is the remainder when f(6) is divided by i?
16
Let r = -5 - -24. Suppose -g + 2*g - r = 0. Calculate the remainder when g is divided by 7.
5
Let h(n) = -4*n + 71. What is the remainder when 11 is divided by h(17)?
2
Let j(l) = -l**3 + 5*l**2 + 4*l + 4. Calculate the remainder when 92 is divided by j(5).
20
Let i = 15 - -10. Calculate the remainder when 49 is divided by i.
24
Suppose -5*c - 15 = -5*m, -4*c - 11 = -3*m - 0*m. What is the remainder when 29 is divided by 15 + -2 + m - -1?
14
Suppose -3*x + 2*b = -2*x - 21, 2*b + 10 = 0. Calculate the remainder when x is divided by 3.
2
Suppose 5*m - 2*m = 3. What is the remainder when 2 is divided by m?
0
Suppose -g + 3*c + 213 = 2*g, 2*g + c = 136. Suppose -67 = -2*s + g. Suppose 0 = 3*n + n - s. What is the remainder when n is divided by 6?
5
Suppose -8*j = -11*j + 261. What is the remainder when j is divided by 18?
15
Suppose 6*r = 2*r + 52. Let f(o) = 17*o - 1. Let d be f(3). Suppose u - 3*u + d = 0. What is the remainder when u is divided by r?
12
Let d(f) = -3*f - 5. Calculate the remainder when d(-4) is divided by 2.
1
Let r = 70 + -63. Let t be 34/6 + 2/6. Let u = t + r. Calculate the remainder when 49 is divided by u.
10
Suppose -d + 0*d = -j + 41, 2*d = -5*j + 219. Let i(v) = -4*v - 9. Let k = -1 - 5. What is the remainder when j is divided by i(k)?
13
Let o = 43 + -24. Suppose 0 = 5*l - 126 - o. Calculate the remainder when 115 is divided by l.
28
Let u(w) = 8*w**2 + w - 1. Let r = 0 - 0. Suppose -g + 2*c - c + 12 = r, -3*g + 48 = 3*c. What is the remainder when g is divided by u(1)?
6
Suppose 0 = -0*k + 2*k - 4. Suppose -w + 4 = -4*h + k*h, 3 = -h. Calculate the remainder when 5 is divided by 4 - w*(-3 + 2).
1
Let a(l) = -2*l + 1. Let i be a(-2). Suppose -34 = i*d - 5*b - 154, 5*b - 110 = -5*d. Calculate the remainder when d is divided by 12.
11
Suppose 129 = 2*a - 3*m, 0 = 2*a + 3*a - 5*m - 325. Calculate the remainder when a is divided by 17.
15
Let t be (2/4)/((-4)/(-16)). What is the remainder when 2/(t - -2)*62 is divided by 11?
9
Let m(q) = q**3 - 3*q**2 - 4*q + 1. Let h be m(4). What is the remainder when 3 - (-150)/3 - h is divided by 18?
16
Suppose 59 = 3*w - 73. Suppose 2*o = -2*d - w, 2*d + o + 76 = -2*d. Let p = d - -53. Calculate the remainder when p is divided by 12.
11
Let q(s) = -s**3 + 8*s**2 + 9*s + 2. Let i(h) = h**3 + 2*h**2 - 2*h + 1. Calculate the remainder when i(1) is divided by q(9).
0
What is the remainder when 3/48*4 - 44/(-16) is divided by 3?
0
Let d(u) = u**3 - 5*u**2 - 5*u. What is the remainder when 11 is divided by d(6)?
5
Let q(b) = -b**2 - 5*b. What is the remainder when q(-3) is divided by 3?
0
Suppose -180 + 15 = -5*w. Calculate the remainder when 129 is divided by w.
30
Let y = -29 - -59. Calculate the remainder when 24 is divided by y/(2 - 0) - 2.
11
Let f(s) = -s**3 - 22*s**2 - 22*s + 27. What is the remainder when f(-21) is divided by 10?
8
Let j = -8 + 13. Suppose 8 = f - j. Let w = 0 + 5. What is the remainder when f is divided by w?
3
Suppose c = -0*c. Suppose